prime?
False
Is (-66)/63*-5709 - (-3)/21 composite?
False
Let w = 432771 + -198250. Is w a prime number?
False
Let y = -33 - -34. Suppose 3*q - y = 11. Suppose -10476 = -5*p + 2*t + 2317, -q*p = 3*t - 10239. Is p a prime number?
False
Suppose -85860 = -11*p + 7*p + 4*b, 0 = 4*b - 8. Is p a composite number?
False
Suppose -19*h + 1811 = 23433. Let l = 2239 + h. Is l a prime number?
False
Let n be (18/(-15))/(8/(320/(-12))). Suppose -6*r + r = n*i + 7, -6 = 2*r. Suppose -i*a - 4 = 0, 3*v - 794 = 3*a + 205. Is v a prime number?
True
Let x = 1042609 + -668916. Is x composite?
False
Let z = 40 + -36. Let w = 1 - z. Let y(r) = 116*r**2 + 5*r + 2. Is y(w) a composite number?
False
Suppose 149*u + 144679 = 151*u - t, -72317 = -u - 4*t. Is u prime?
True
Let a(m) = -m**2 - 3*m + 42. Let o be a(-6). Is ((-3)/(-2))/(1/(13136/o)) prime?
True
Suppose 770*o + 54417 = 5*k + 768*o, -2*k + 21764 = 2*o. Is k a composite number?
False
Let k(m) = -14*m**2 - 2994*m - 323. Is k(-182) a prime number?
True
Suppose -10*o + 13*o - 9 = 0. Let k be (-6)/2*(-3736)/o. Let w = k - 2649. Is w a prime number?
True
Let l(y) = -y**3 + 14*y**2 + 17*y - 19. Let q be (-8)/6*(-10 - -16). Is l(q) a prime number?
False
Let b be (-9)/6*24/9. Let o be 2 - 12/3 - b. Suppose 7*l + 986 = o*f + 3*l, 3*l = 0. Is f a prime number?
False
Let v(d) = 12*d + 1. Let g be v(2). Let r(m) be the second derivative of -m**5/20 + 7*m**4/3 + 19*m**3/3 - 18*m**2 + 1183*m. Is r(g) prime?
True
Let y = 318344 - -2052345. Is y a prime number?
True
Let r(l) = 15*l - 12. Let p be r(1). Suppose -p*y = -d - 274 - 23178, -3*d + 15 = 0. Is y a prime number?
False
Let y(r) = -430*r**2 - 53*r + 16. Let c(q) = 287*q**2 + 35*q - 11. Let l(x) = -7*c(x) - 5*y(x). Is l(8) prime?
True
Suppose 8*z + 429309 = 17*z. Let j = z - 33212. Is j prime?
True
Let d(v) = v**3 - 26*v - 2. Let r be d(-5). Let q(i) = 372*i**3 + 4*i - 17. Is q(r) a composite number?
False
Let y(l) = 485*l**3 + 11*l**2 - 37*l + 110. Is y(9) a prime number?
False
Suppose -27*p = -26*p + 4245. Let t = p + 9088. Is t a composite number?
True
Let m(x) = -19*x**2 + 23*x**2 + 2*x**3 - 81 + 94 - 3*x. Let p(z) = -5*z**3 - 8*z**2 + 7*z - 27. Let j(n) = -9*m(n) - 4*p(n). Is j(4) a composite number?
True
Suppose -4*v = -1172 - 628. Suppose 5*u + 535 + v = 0. Let f = -36 - u. Is f composite?
True
Let a be ((-7)/3 - -2) + 504/(-108). Let i(f) = 709*f**2 - 8*f + 8. Is i(a) a composite number?
True
Let a be 20/(-6) - (-9)/((-27)/2). Let g(p) = 111*p**2 - 20*p - 9. Is g(a) a prime number?
True
Let q(m) = m**3 + 24*m**2 + 18*m - 18. Let n be q(-23). Let g = n - -516. Is g composite?
False
Let f(w) = -2*w**3 + 45*w**2 - 16*w - 131. Let n be f(22). Suppose 18042 = r - d, -5*d = -6*d - n. Is r a composite number?
False
Is ((-448)/48 - -12)*(-132369)/(-4) a composite number?
True
Suppose -16*k + 1650748 = 39404. Is k composite?
True
Suppose 2*z = 3*h + 41, -4*h + 1 = z + 8. Let q(g) = -75*g - 29. Let o(i) = 37*i + 14. Let r(a) = -7*o(a) - 4*q(a). Is r(z) a prime number?
False
Is (1023 + -2)/(-1)*-30*8/48 composite?
True
Suppose 5*j + 4*g - 227557 = 0, 2*j + 5*g = -7671 + 98704. Is j a prime number?
False
Suppose -1081*t + 536298 = -1039*t. Is t a composite number?
True
Let n = -89 + 244. Suppose n*i = 159*i - 1404. Suppose -6*w + i = 9. Is w a composite number?
True
Let s(a) = 38*a**3 - a**2 + 2*a - 1. Suppose 11*u + 76 = 15*u. Suppose -4*x + 24 = 4*b, 5*x - u = b - 1. Is s(b) composite?
True
Let c = -418808 + 741177. Is c a composite number?
True
Let f(u) = 1337*u**2 + 206*u + 928. Is f(-5) a composite number?
True
Let f(t) = -t**3 - 14*t**2 - 25*t - 8. Let n be f(-12). Suppose a - 5*z = -63, 2*a = -0*a + n*z - 144. Is a/2*-4 + 2 composite?
True
Suppose -2*i - 726 = 302. Is 14/28*i/(-1) prime?
True
Suppose -3184730 = -34*l - 821084. Is l composite?
True
Suppose -5*r + 4*j - 842 = 0, -j - 888 = 5*r - 61. Let c be (1*357)/(-14 - (-270)/18). Let y = r + c. Is y a prime number?
True
Let p be 1 - -14 - (6 + -6 + 3). Suppose -p*j + 66273 = -6075. Is j prime?
True
Let l = -98 + 63. Let s be 18/12 - l/10. Suppose 3*b - 7721 = -s*j, 2*b = -5*j + 3*j + 3090. Is j a prime number?
True
Suppose 0 = -12*x - 34 + 130. Let r(c) = 4*c**2 + 4*c + 5. Is r(x) a composite number?
False
Let u be 1470/135 - (-1)/9. Suppose 5*o - u = -1. Let t(m) = 15*m**3 - 4*m + 3. Is t(o) composite?
True
Suppose 2*d - 2*b - 35742 = 0, -5*d + 0*d = -4*b - 89358. Suppose -4*j + d = 4494. Is ((-2)/3)/(((-70)/j)/7) a prime number?
True
Suppose 4*r = -14*v + 12*v + 105920, 0 = -v + 2. Is r a composite number?
False
Suppose s + l + 17 = 0, 6*s = 5*s + 4*l - 7. Let u(i) = -i**3 - 17*i**2 - 31*i - 1. Is u(s) composite?
True
Let z(n) = 117505*n - 8. Is z(1) a composite number?
False
Suppose -5*m - 3*d = -6*d - 9, -d = -5*m + 3. Suppose m = 7*q - q - 50802. Is q a prime number?
True
Let t(i) = 10493*i**2 + 7*i + 43. Is t(-3) composite?
True
Suppose -134 = 8*f + 50. Let n(q) = -6*q + 18. Let u be n(f). Let r = -73 + u. Is r a composite number?
False
Is (-38375765)/(-3841) - 4/46 prime?
False
Suppose 0 = -5*b + 27 + 73. Suppose 10*u = 5*u + b. Is -491*(16/(-4))/u a prime number?
True
Suppose 3*p = -2*w + 8, 4*p + w - 12 = -2*w. Suppose p = 4*m + 6*g - g - 8639, -6479 = -3*m - 4*g. Is m a prime number?
True
Let p(d) = -d**2 - 13*d - 10. Let z be p(-11). Suppose -4 = -16*m + z*m. Is 184 - (3 + -4 + m) - -3 prime?
False
Let z(s) = 4*s**3 + s**2 - 2*s + 27 - 84 + 41. Let m = 11 + -6. Is z(m) composite?
False
Let f = -274 + 94. Is (-36)/f - 20948/(-10) prime?
False
Suppose -94*x - 3*p = -95*x + 40136, 40116 = x + p. Is x a prime number?
False
Suppose 6*h + h - 21 = 0. Is 1821 + -5 + 3 + h + -3 a prime number?
False
Let y be (-1 - 0)/(18/(-12) + 1). Suppose -h + 6 = -y. Is -1 + 2/h - 7914/(-24) a composite number?
True
Let a = 14940 - 10309. Is (a + -1)*19/38 prime?
False
Let l = 225 - 204. Let i(f) = 656*f + 53. Is i(l) a prime number?
True
Suppose 22*g = 19*g + 15. Let u be (1 - g) + 3 + -2. Is (-14382)/(-14) - u/((-42)/4) composite?
True
Let d(i) = i**3 - 3*i**2 - 4*i - 1. Let a be d(3). Let z = a - -21. Suppose -z*y + 83 = -21. Is y prime?
True
Suppose 4*g + 8 = -3*s, 5*s - 5*g - 19 = 26. Let o be (1*8)/(s + 3 + -5). Suppose -5*l = -25, -4560 = -o*p + 6*l - 2*l. Is p a prime number?
False
Suppose 10953578 - 450138 = 80*x. Is x a composite number?
False
Suppose 54*w = 59*w - 35, 0 = o - 3*w - 106118. Is o prime?
False
Suppose 3*r = -5*t + 375, 0 = -3*t + 2*r - 6*r + 236. Let w = t - -23. Is w prime?
False
Suppose -68*k = -70*k + 20. Is (-9048)/(-10) - (8/k + -1) composite?
True
Suppose 0 = -48*n + 47*n + 3*k + 31787, 3*n - 95385 = -3*k. Is n a prime number?
True
Let l(r) = -218*r**2 + 820*r**2 + 38*r - 39*r + 3 + 4. Let y be l(-3). Is (16/32)/(2/y) a composite number?
True
Let s = -12224 + 77621. Is s a prime number?
False
Let v(a) = 26*a. Suppose -5*j - 4 - 1 = 0. Let l be -3 - 8/(-3 - j). Is v(l) prime?
False
Suppose 110 + 22 = 12*t. Suppose -3*v - t = -2. Let m(b) = 613*b**2 + 5*b + 7. Is m(v) a composite number?
True
Suppose -11*k - 29*k + 19113171 = -16365509. Is k prime?
True
Suppose -5615*x + 5606*x + 136197 = 0. Is x a composite number?
True
Let w = 30 - 31. Let n be (8/(-12))/((-2)/(-6)*w). Suppose 3*m + m - n*h = 644, 461 = 3*m + 4*h. Is m composite?
True
Suppose -3098155 = -5*l - 4*v, 9*v - 6*v - 1239269 = -2*l. Is l composite?
True
Suppose 8*b = 3*b + 90. Let p(d) = -15*d + 17*d - 23 + 3*d**2 - 6*d. Is p(b) a composite number?
False
Let h = 108 + -104. Suppose 3*u - 1011 = -4*i - i, 320 = u - h*i. Let n = u + -187. Is n prime?
False
Let q(k) = -220*k**3 + 40*k**2 + 221*k**3 + 14 - 49*k**2 - 11*k. Let h = 26 + -14. Is q(h) a prime number?
False
Is -6 + (1/8 - (-24)/64*437005) prime?
True
Let r(i) = 21*i**3 - 7*i - 26. Let f be r(-8). Let p = f + 19170. Is p/18 + (-3)/9 composite?
True
Suppose -5*c = -3*q + 45653, -8*q + c = -9*q + 15223. Is q prime?
False
Let w(r) = 626*r**3 + 6*r**2 - 4. Let v be w(4). Suppose 36047 + v = 9*x. Is x a composite number?
False
Let g = 60 + -55. Suppose 16*s - 13970 = g*s. Suppose k = -k + s. Is k a composite number?
True
Is 159539116/774 - ((-51)/(-27) + -2) prime?
True
Is (-195593008)/(-364) - 9/21 prime?
True
Suppose -113 = 2*b - 2*x - 1683, x = 0. Let n = b + 346. Let j = n + -